877 a composite number?
True
Is 1991478157 composite?
True
Is 20466071 a composite number?
False
Is 51055 composite?
True
Is 8647657 composite?
False
Is 5983121 a prime number?
True
Is 39794089 prime?
False
Is 1286213 composite?
True
Is 118793141 composite?
False
Is 184783 composite?
True
Is 10866013 composite?
False
Is 1558991 a prime number?
False
Is 4167797 composite?
False
Is 792501901 a prime number?
False
Is 506857343 a prime number?
True
Is 25631097 a prime number?
False
Is 6031537 a composite number?
True
Is 21399791 prime?
False
Is 54829 a composite number?
False
Is 28410409 prime?
True
Is 1255271 a composite number?
True
Is 6556483 a prime number?
True
Is 243365939 a prime number?
False
Is 635306011 prime?
True
Is 171821333 prime?
True
Is 10106077 a composite number?
False
Is 915181 composite?
False
Is 231739491 a prime number?
False
Is 8681821 composite?
False
Is 47098 prime?
False
Is 521819 composite?
False
Is 67628243 a prime number?
False
Is 7028377 prime?
True
Is 7233433 composite?
True
Is 1293713 a composite number?
True
Is 2601661 prime?
True
Is 6565543 a composite number?
False
Is 1253377 a composite number?
False
Is 1194133 a prime number?
False
Is 24456227 prime?
True
Is 27697954 a composite number?
True
Is 148364849 a composite number?
True
Is 113081957 a prime number?
True
Is 636469 a prime number?
True
Is 151279 a composite number?
False
Is 24853321 a prime number?
False
Is 1671445 a prime number?
False
Is 202885091 composite?
True
Is 9808607 a composite number?
False
Is 12117149 a prime number?
False
Is 6219803 a prime number?
False
Is 42216973 a composite number?
False
Is 5291653 composite?
False
Is 1917457 a prime number?
False
Is 42978637 prime?
False
Is 17053079 prime?
True
Is 2634689 prime?
True
Is 6196703 prime?
True
Is 326715427 composite?
False
Is 27664282 a composite number?
True
Is 2199823 a composite number?
False
Is 377459 a composite number?
False
Is 95172607 composite?
False
Is 61491385 prime?
False
Is 9329129 composite?
False
Is 820319 prime?
True
Is 7033763 a composite number?
True
Is 170714599 a prime number?
False
Is 791347 composite?
False
Is 77660299 prime?
False
Is 3137243 prime?
True
Is 3581867 prime?
True
Is 739682 prime?
False
Is 3071741 a composite number?
False
Is 17782913 composite?
True
Is 686911 a prime number?
True
Is 12939151 a prime number?
False
Is 4319123 a composite number?
True
Is 1189967 composite?
False
Is 11875901 prime?
True
Is 7523077 a prime number?
True
Is 101701127 a prime number?
False
Is 7663211 prime?
True
Is 44082361 a prime number?
True
Is 356022421 a composite number?
False
Is 151481591 a composite number?
False
Is 3581009 composite?
True
Is 1223605 composite?
True
Is 774583 prime?
True
Is 30509971 composite?
False
Is 2551273 a composite number?
False
Is 47000911 composite?
False
Is 103968581 prime?
False
Is 3287161 composite?
True
Is 20205121 a prime number?
True
Is 80179453 a composite number?
False
Is 26766511 composite?
True
Is 897857239 composite?
True
Is 2848669 a prime number?
True
Is 54229861 prime?
False
Is 167281 composite?
True
Is 41586823 prime?
False
Is 51422395 composite?
True
Is 20791613 a prime number?
True
Is 2180881 prime?
False
Is 757019 a prime number?
True
Is 1459274 composite?
True
Is 121058583 prime?
False
Is 43300043 a prime number?
True
Is 108040307 a composite number?
False
Is 54484213 prime?
False
Is 85793 a composite number?
False
Is 87286189 a prime number?
True
Is 1264199 composite?
False
Is 131033 composite?
True
Is 50600657 composite?
False
Is 105437 prime?
True
Is 2446607 a prime number?
True
Is 179871089 a composite number?
False
Is 6776893 composite?
False
Is 167337673 a prime number?
False
Is 744739 a prime number?
True
Is 338462329 a prime number?
False
Is 40993 a composite number?
False
Is 3573663 a prime number?
False
Is 9814411 a composite number?
True
Is 907031 prime?
True
Is 1159311 a prime number?
False
Is 4762339 composite?
True
Is 42536287 a composite number?
False
Is 286046737 a prime number?
False
Is 77042533 prime?
False
Is 8000237 composite?
True
Is 556779 prime?
False
Is 11772655 prime?
False
Is 34579889 composite?
False
Is 102911969 a composite number?
True
Is 7525465 prime?
False
Is 2587499 a composite number?
False
Is 35681071 prime?
True
Is 49606757 a prime number?
False
Is 23085241 a prime number?
True
Is 22822127 composite?
True
Is 11773381 prime?
True
Is 254519879 composite?
True
Is 32660021 a composite number?
True
Is 24773423 a composite number?
False
Is 18305993 composite?
False
Is 244549121 a prime number?
False
Is 255097 a composite number?
False
Is 10270861 a prime number?
True
Is 19102249 prime?
False
Is 19216207 a prime number?
False
Is 4192841 composite?
False
Is 8593781 a composite number?
True
Is 991867 a composite number?
False
Is 1054487539 a prime number?
False
Is 9416881 a prime number?
False
Is 751423 a prime number?
True
Is 116314598 prime?
False
Is 134915635 a prime number?
False
Is 1168711 a prime number?
True
Is 12339401 a prime number?
False
Is 25862245 composite?
True
Is 6453061 a composite number?
False
Is 74420287 a prime number?
False
Is 8006329 a prime number?
True
Is 4793801 composite?
True
Is 132821059 prime?
False
Is 68035283 a composite number?
True
Is 40513573 a composite number?
False
Is 124167877 composite?
False
Is 299653 composite?
False
Is 29824526 a composite number?
True
Is 1346507 a prime number?
False
Is 3946277 a composite number?
True
Is 676138261 prime?
True
Is 4458457 a composite number?
False
Is 158639669 a prime number?
True
Is 5414413 a prime number?
True
Is 14228113 prime?
True
Is 4507883 a prime number?
False
Is 48332501 composite?
True
Is 2376559 composite?
False
Is 6027031 composite?
True
Is 1308337 prime?
False
Is 613393 a prime number?
False
Is 32587871 prime?
True
Is 4395119 prime?
False
Is 43630319 prime?
True
Is 91507487 composite?
False
Is 6736007 composite?
True
Is 1164571 a prime number?
True
Is 207418829 composite?
False
Is 67986097 composite?
False
Is 82867 composite?
True
Is 55800071 prime?
True
Is 65892965 a prime number?
False
Is 4034383 prime?
True
Is 46259723 a prime number?
True
Is 379432797 a prime number?
False
Is 1482617 composite?
False
Is 666395717 prime?
False
Is 2419897 a prime number?
False
Is 1410823 a prime number?
True
Is 572600029 a prime number?
True
Is 215239 composite?
False
Is 1364717 composite?
False
Is 95311 a prime number?
True
Is 33217133 a prime number?
False
Is 12122623 composite?
False
Is 6172787 prime?
True
Is 7166743 prime?
False
Is 364341539 a prime number?
False
Is 242666393 prime?
False
Is 20260159 a composite number?
False
Is 3839887 composite?
True
Is 1873909 composite?
True
Is 50782351 prime?
False
Is 24113777 a prime number?
True
Is 182087123 prime?
False
Is 4716229 a prime number?
False
Is 59312003 composite?
True
Is 34264291 prime?
True
Is 20504903 prime?
True
Is 44103779 prime?
True
Is 385961 prime?
False
Is 3856945 prime?
False
Is 496342261 composite?
False
Is 5832097 a prime number?
True
Is 706634 a composite number?
True
Is 166870841 prime?
True
Is 398729531 a composite number?
True
Is 712571 prime?
True
Is 368773 prime?
True
Is 839693 a composite number?
False
Is 36085667 a prime number?
True
Is 8023641 a composite number?
True
Is 808771 a composite number?
False
Is 6978023 composite?
True
Is 67190117 prime?
True
Is 11269763 composite?
False
Is 3016901 a composite number?
False
Is 84718507 composite?
False
Is 6363761 composite?
False
Is 177467 a composite number?
False
Is 6361711 composite?
False
Is 189041 composite?
False
Is 1389890279 prime?
False
Is 25499417 a composite number?
True
Is 15389249 a composite number?
False
Is 1911927 prime?
False
Is 4346519 composite?
True
Is 71581999 a composite number?
False
Is 8374433 a composite number?
True
Is 1509307 composite?
False
Is 44436259 a prime number?
False
Is 1826823 a composite number?
True
Is 25942603 a composite number?
False
Is 46193 prime?
False
Is 819716851 a prime number?
True
Is 10666237 prime?
True
Is 18995287 a prime number?
True
Is 7702063 a composite number?
False
Is 30881971 composite?
False
Is 1317223 a composite number?
False
Is 235129801 composite?
True
Is 25631143 a composite number?
False
Is 50376197 prime?
True
Is 1481026 prime?
False
Is